base 15) in base 3?
-11122201
3344 (base 5) to base 7
1245
What is -5231 (base 6) in base 11?
-975
-3e5 (base 16) to base 12
-6b1
What is 200120 (base 5) in base 4?
1202031
What is 731 (base 11) in base 15?
3db
Convert -310221 (base 5) to base 14.
-3949
-616 (base 16) to base 4
-120112
15576 (base 11) to base 4
11113200
What is 1113 (base 9) in base 12?
586
-273 (base 8) to base 6
-511
Convert -10012120 (base 3) to base 12.
-1429
Convert -1100100101000011 (base 2) to base 4.
-30211003
Convert 14b3 (base 14) to base 10.
3685
Convert 1193 (base 10) to base 4.
102221
120012 (base 4) to base 12
a86
What is -3638 (base 10) in base 13?
-186b
-50135 (base 7) to base 3
-121120102
Convert -101002 (base 5) to base 4.
-302310
What is -201 (base 13) in base 11?
-289
Convert 10310333 (base 4) to base 16.
4d3f
Convert 32a (base 11) to base 8.
613
Convert -1200002 (base 3) to base 13.
-728
Convert 12132 (base 4) to base 2.
110011110
d8c5 (base 15) to base 3
2022220112
What is -2077 (base 12) in base 2?
-110111011011
Convert 2e9d (base 15) to base 4.
2131000
-3026 (base 15) to base 12
-5a69
What is 399 (base 13) in base 2?
1001111001
Convert -206044 (base 7) to base 3.
-1210222101
-3826 (base 12) to base 14
-246a
Convert -1101110010 (base 2) to base 12.
-616
Convert 11011001000010 (base 2) to base 16.
3642
What is 813 (base 14) in base 3?
2011201
Convert 101011011 (base 2) to base 6.
1335
What is 237 (base 9) in base 8?
304
1011111000111101 (base 2) to base 4
23320331
What is -312323 (base 4) in base 11?
-2706
Convert -20230011 (base 4) to base 12.
-18719
-10031123 (base 4) to base 7
-101162
What is 126 (base 9) in base 5?
410
Convert 6161 (base 11) to base 13.
394a
185 (base 9) to base 14
b4
Convert 2000000 (base 3) to base 5.
21313
What is 41424 (base 5) in base 9?
3673
Convert 2365 (base 10) to base 4.
210331
Convert 131400 (base 5) to base 9.
7145
Convert -50205 (base 6) to base 11.
-4a21
What is 6712 (base 8) in base 3?
11211202
Convert -40422 (base 5) to base 13.
-125c
119 (base 11) to base 4
2031
39c9 (base 13) to base 15
26bc
Convert -1754 (base 10) to base 15.
-7be
11111001 (base 2) to base 10
249
Convert 2364 (base 12) to base 2.
111101111100
-1345 (base 7) to base 12
-377
What is -21205 (base 7) in base 9?
-7171
What is 112111 (base 3) in base 16?
187
What is -9784 (base 12) in base 5?
-1013120
What is -4b (base 12) in base 3?
-2012
Convert 153f (base 16) to base 7.
21600
What is -21f (base 16) in base 8?
-1037
Convert 300 (base 14) to base 2.
1001001100
What is -a359 (base 13) in base 16?
-5817
-99 (base 11) to base 7
-213
28306 (base 9) to base 6
224523
-288b (base 16) to base 14
-3ad5
What is 870 (base 15) in base 9?
2546
What is 595 (base 16) in base 11?
108a
Convert -c6bb (base 13) to base 8.
-65614
Convert -4432 (base 14) to base 4.
-2320130
What is -26275 (base 8) in base 15?
-35d8
Convert 123330 (base 4) to base 6.
12140
Convert 1b9a5 (base 12) to base 7.
231005
What is 10011111 (base 2) in base 6?
423
1cd (base 15) to base 4
12202
269 (base 13) to base 5
3200
400 (base 7) to base 15
d1
2611 (base 9) to base 11
1517
What is -77 (base 10) in base 8?
-115
Convert -1174 (base 8) to base 15.
-2c6
Convert 1510 (base 7) to base 5.
4340
-124 (base 9) to base 12
-87
Convert -2796 (base 15) to base 6.
-103110
-1111111011110 (base 2) to base 3
-102012011
What is 607 (base 16) in base 3?
2010011
What is -58a4 (base 16) in base 11?
-1605a
Convert -1330414 (base 5) to base 8.
-64550
What is -c85 (base 14) in base 8?
-4645
What is -7953 (base 13) in base 11?
-11826
Convert -1687 (base 14) to base 4.
-333013
What is -32ea (base 16) in base 11?
-987a
-34d9 (base 16) to base 3
-200120002
58748 (base 9) to base 14
10436
What is 40 (base 9) in base 2?
100100
-210000012 (base 3) to base 10
-15314
What is 150 (base 7) in base 6?
220
-63517 (base 10) to base 9
-106114
e92 (base 16) to base 3
12010011
Convert 5602 (base 8) to base 9.
4033
Convert 26553 (base 7) to base 4.
1233213
What is -2058 (base 9) in base 8?
-2747
3221 (base 5) to base 7
1162
28a0 (base 15) to base 14
3256
Convert -517 (base 15) to base 10.
-1147
What is 10101010101011 (base 2) in base 8?
25253
Convert -11924 (base 15) to base 4.
-31223323
10589 (base 10) to base 14
3c05
-111100000001101 (base 2) to base 16
-780d
Convert 1924 (base 16) to base 9.
8741
-627 (base 8) to base 13
-254
What is 111102102 (base 3) in base 2?
10011000111001
What is -1032210 (base 4) in base 6?
-35140
-146d (base 15) to base 16
-111a
Convert 473a (base 14) to base 5.
344100
What is 213255 (base 6) in base 4?
10103003
What is 1c10 (base 13) in base 2?
1000010001110
Convert 12453 (base 8) to base 16.
152b
What is 13403 (base 5) in base 10?
1103
Convert -2733 (base 8) to base 13.
-8b4
Convert -503b (base 13) to base 9.
-16121
Convert 10110011 (base 2) to base 14.
cb
316264 (base 7) to base 11
38382
Convert -2340 (base 6) to base 3.
-202220
What is -8876 (base 12) in base 8?
-35332
What is -2202122201 (base 3) in base 7?
-314446
338b (base 14) to base 8
21357
-21212101 (base 3) to base 4
-1121212
Convert -a99 (base 14) to base 4.
-200233
What is -212333 (base 6) in base 7?
-101520
What is -10000012 (base 3) in base 12?
-1328
What is -74352 (base 8) in base 4?
-13203222
What is 11734 (base 10) in base 7?
46132
What is 33144 (base 7) in base 2?
10000001111001
Convert 110130 (base 5) to base 13.
1957
What is -20242 (base 6) in base 14?
-da2
Convert 102101021 (base 3) to base 6.
102224
What is -1987 (base 15) in base 14?
-202b
Convert 5220 (base 6) to base 5.
14124
Convert -6470 (base 11) to base 7.
-33630
-1206 (base 13) to base 10
-2541
Convert -14cd (base 15) to base 8.
-10564
bb91 (base 12) to base 3
1001101201
Convert 3092 (base 10) to base 5.
44332
Convert -61e0 (base 15) to base 3.
-1001101010
Convert 6e7e (base 16) to base 3.
1102210122
Convert -10416 (base 10) to base 8.
-24260
What is -41441 (base 7) in base 8?
-23674
Convert -34401 (base 5) to base 4.
-212230
What is 554 (base 16) in base 9?
1775
What is -11101000011110 (base 2) in base 4?
-3220132
Convert 11 (base 10) to base 12.
b
Convert -212001202 (base 3) to base 8.
-40656
Convert -621 (base 12) to base 14.
-477
Convert -255563 (base 7) to base 8.
-135010
What is -3cb (base 14) in base 13?
-470
Convert -130223 (base 4) to base 14.
-951
57344 (base 8) to base 11
17284
What is -203 (base 6) in base 3?
-2210
Convert 222222210 (base 3) to base 8.
46335
What is -23 (base 11) in base 8?
-31
What is -143 (base 10) in base 15?
-98
What is 21155 (base 6) in base 12?
17bb
What is -174c (base 16) in base 14?
-2260
What is 31872 (base 12) in base 2?
1111111010010110
Convert 12a5 (base 13) to base 9.
3586
What is -11030323 (base 4) in base 15?
-64a7
-152040 (base 6) to base 10
-14712
Convert 54752 (base 10) to base 6.
1101252
121220 (base 4) to base 3
2020202
What is -1c3 (base 16) in base 9?
-551
-13a1 (base 12) to base 13
-1066
What is 36235 (base 7) in base 3?
110212121
Convert 3807 (base 12) to base 11.
4847
-1eba (base 15) to base 6
-51004
Convert 1d9d (base 14) to base 12.
3187
-140204 (base 5) to base 11
-42a3
Convert 12301 (base 5) to base 11.
795
130513 (base 6) to base 5
334403
-1021200 (base 3) to base 15
-426
Convert 843 (base 9) to base 8.
1257
-2193 (base 11) to base 10
-2885
Convert 69 (base 12) to base 16.
51
Convert 402144 (base 5) to base 3.
122120001
What is 200000 (base 3) in base 12?
346
What is 300 (base 11) in base 10?
363
-100001001010 (base 2) to base 16
-84a
-21230 (base 4) to base 13
-389
2407 (base 9) to base 8
3375
13646 (base 8) to base 9
8266
-13310 (base 11) to base 3
-222002000
670 (base 10) to base 16
29e
-8ba (base 13) to base 4
-113201
What is 21161 (base 9) in base 10?
13987
Convert 1125 (base 6) to base 9.
328
Convert 13100 (base 4) to base 3.
122012
-41403 (base 7) to base 12
-5a56
What is 405a (base 13) in base 3?
110011021
1571 (base 15) to base 11
3508
3051 (base 9) to base 12
1361
555 (base 9) to base 14
247
What is -3102 (base 11) in base 9?
-5573
What is -120201 (base 3) in base 10?
-424
Convert 3240 (base 5) to base 12.
311
Convert -21040 (base 5) to base 4.
-111303
What is 442350 (base 7) in base 4?
102332010
Convert 1010 (base 4) to base 7.
125
Convert 2240 (base 7) to base 8.
1454
36214 (base 7) to base 11
7049
Convert